089?
11
Calculate the highest common factor of 1045 and 6225977.
19
Calculate the greatest common factor of 93018 and 41181.
111
Calculate the highest common factor of 4893628 and 219.
73
Calculate the highest common divisor of 5561887 and 61163.
1973
What is the highest common factor of 730 and 127166365?
365
Calculate the highest common divisor of 213565 and 13580.
5
Calculate the highest common factor of 2369 and 6433.
1
Calculate the greatest common divisor of 26784 and 18969768.
6696
Calculate the greatest common factor of 90 and 6388570.
10
Calculate the highest common factor of 2344 and 13145152.
2344
What is the greatest common divisor of 880516 and 24544?
3068
What is the greatest common factor of 3458 and 1171352?
182
What is the highest common divisor of 5000 and 12201200?
200
Calculate the greatest common factor of 685583646 and 13035.
2607
Calculate the highest common factor of 167825 and 515725.
1225
Calculate the highest common divisor of 18634 and 262878.
154
What is the greatest common factor of 16 and 12026872?
8
Calculate the highest common divisor of 84 and 24827628.
84
Calculate the highest common divisor of 568 and 37086424.
568
Calculate the highest common factor of 288 and 189072.
144
Calculate the highest common divisor of 13011739 and 40807.
949
What is the greatest common factor of 159165 and 3442095?
1215
Calculate the greatest common factor of 6990902 and 2.
2
What is the highest common divisor of 131769 and 43032?
33
Calculate the greatest common divisor of 1255683 and 792.
33
Calculate the greatest common divisor of 1336 and 32899668.
668
What is the highest common divisor of 266 and 4279142?
266
Calculate the highest common factor of 16228 and 2641107.
4057
Calculate the highest common divisor of 18505 and 15892094.
3701
What is the highest common factor of 23192 and 6136?
104
Calculate the highest common factor of 26616811 and 1469.
1469
Calculate the greatest common factor of 28496772 and 626.
626
What is the greatest common factor of 7407361 and 13?
13
Calculate the highest common factor of 318 and 8860911.
159
Calculate the highest common factor of 4 and 449377.
1
What is the greatest common factor of 25 and 3458255?
5
What is the highest common divisor of 43690087 and 805?
161
What is the greatest common factor of 7550 and 2756354?
302
Calculate the highest common divisor of 8886066 and 756.
42
Calculate the greatest common factor of 60674 and 6595.
1319
What is the highest common factor of 89082227 and 543?
181
Calculate the highest common factor of 417280 and 32420.
20
Calculate the highest common divisor of 11292 and 64128.
12
Calculate the highest common factor of 4158 and 221670.
54
Calculate the greatest common divisor of 33 and 491146227.
33
What is the highest common factor of 49640 and 3400680?
680
Calculate the greatest common factor of 117 and 4896135.
9
Calculate the greatest common divisor of 5941 and 6714968.
13
Calculate the highest common divisor of 170251 and 4501883.
2791
What is the highest common factor of 120 and 64684770?
30
What is the highest common factor of 282 and 103022966?
94
What is the highest common divisor of 34437 and 1243008?
39
Calculate the greatest common divisor of 17 and 688783.
1
Calculate the highest common divisor of 311455 and 19165.
5
Calculate the highest common divisor of 765369544 and 1816.
1816
Calculate the highest common divisor of 1505 and 2311981.
301
What is the highest common factor of 228390 and 6210?
690
What is the greatest common factor of 584 and 113703048?
584
Calculate the greatest common factor of 37214360 and 17.
17
Calculate the greatest common factor of 12816 and 17206192.
1424
Calculate the greatest common divisor of 4511870 and 539.
11
Calculate the greatest common divisor of 1403 and 8738372.
61
What is the greatest common factor of 9000360 and 3540?
60
What is the greatest common divisor of 8640 and 1240640?
320
What is the highest common factor of 35398 and 48972?
22
What is the greatest common factor of 8584 and 4979386?
74
What is the highest common divisor of 6 and 3433857?
3
Calculate the greatest common divisor of 1841 and 33045950.
1841
What is the greatest common factor of 20 and 1780183430?
10
Calculate the greatest common divisor of 54 and 14254308.
18
Calculate the highest common divisor of 45 and 222946740.
45
What is the highest common divisor of 2203914 and 165597?
867
Calculate the greatest common divisor of 453094 and 384.
2
What is the highest common factor of 12731290 and 338?
26
What is the highest common factor of 59328 and 1422121?
103
What is the greatest common divisor of 222689307 and 3417?
3417
What is the greatest common divisor of 106280 and 1340?
20
Calculate the highest common factor of 78431863 and 16269.
493
What is the greatest common factor of 492 and 325646436?
492
What is the greatest common factor of 12241770 and 2610?
870
Calculate the highest common divisor of 5 and 437363405.
5
What is the highest common factor of 6368 and 2251486?
398
What is the highest common divisor of 72108 and 1908?
36
Calculate the greatest common divisor of 134247473 and 9938.
4969
Calculate the greatest common divisor of 105832304 and 5976.
664
What is the greatest common divisor of 52 and 42856?
4
Calculate the highest common factor of 12 and 4973670.
6
Calculate the greatest common divisor of 19854 and 41184.
18
Calculate the greatest common factor of 293420 and 4483285.
4315
Calculate the greatest common factor of 661058 and 6511.
383
What is the greatest common factor of 42525 and 21525?
525
What is the greatest common factor of 1632 and 3434255?
17
What is the highest common divisor of 37324994 and 28?
14
What is the highest common divisor of 440 and 178043250?
110
What is the highest common divisor of 9133433 and 2?
1
What is the highest common divisor of 8131 and 16121?
47
Calculate the highest common divisor of 61650 and 123395900.
6850
Calculate the greatest common divisor of 105662025 and 15.
15
Calculate the greatest common divisor of 3820 and 11515772.
764
Calculate the highest common divisor of 22759 and 42.
1
Calculate the highest common divisor of 57 and 1019283.
3
What is the greatest common factor of 921340 and 805?
35
Calculate the highest common factor of 665541 and 876.
219
What is the greatest common factor of 433163 and 7743397?
4867
What is the highest common divisor of 2838 and 217838?
86
Calculate the greatest common factor of 42 and 89233340.
14
Calculate the greatest common factor of 12172776 and 11242.
154
What is the greatest common divisor of 706797 and 6097?
91
Calculate the highest common factor of 3993696 and 4816.
112
Calculate the greatest common divisor of 1873481828 and 9694.
9694
Calculate the highest common divisor of 9553218 and 6.
6
Calculate the highest common factor of 1584 and 325517280.
528
What is the highest common divisor of 67677260 and 14?
14
What is the greatest common factor of 33436430 and 107?
107
Calculate the highest common divisor of 75021 and 1479.
51
What is the greatest common divisor of 17830 and 2880?
10
Calculate the greatest common factor of 40722816 and 192.
192
Calculate the greatest common divisor of 2109 and 574647.
111
What is the greatest common divisor of 77268 and 81789?
411
What is the greatest common factor of 12354846 and 1806?
1806
Calculate the greatest common divisor of 752 and 7430864.
16
Calculate the greatest common factor of 143414038 and 1077.
359
What is the highest common divisor of 5222175 and 174?
87
What is the highest common divisor of 218271 and 6?
3
Calculate the highest common divisor of 90 and 393642.
18
What is the greatest common factor of 11198148 and 60996?
3588
What is the greatest common divisor of 14655851 and 49?
49
What is the greatest common divisor of 9878330 and 1540?
770
Calculate the greatest common factor of 211024 and 7591056.
1936
Calculate the highest common factor of 644 and 31959788.
644
Calculate the greatest common divisor of 44399304 and 109521.
2547
Calculate the highest common divisor of 1518 and 49659852.
1518
Calculate the highest common factor of 9584920 and 120.
40
Calculate the greatest common divisor of 47244 and 678.
6
Calculate the highest common divisor of 26 and 6507976.
2
Calculate the highest